{"id":1125,"date":"2022-02-14T03:15:19","date_gmt":"2022-02-14T03:15:19","guid":{"rendered":"https:\/\/juaccesoriosymoda.com\/?page_id=1125"},"modified":"2025-01-11T06:52:24","modified_gmt":"2025-01-11T06:52:24","slug":"politica-de-devoluciones","status":"publish","type":"page","link":"https:\/\/juaccesoriosymoda.com\/index.php\/politica-de-devoluciones\/","title":{"rendered":"Pol\u00edtica de devoluciones"},"content":{"rendered":"\t\t<div data-elementor-type=\"wp-page\" data-elementor-id=\"1125\" class=\"elementor elementor-1125\">\n\t\t\t\t\t\t<section class=\"elementor-section elementor-top-section elementor-element elementor-element-ebe6d89 elementor-section-boxed elementor-section-height-default elementor-section-height-default\" data-id=\"ebe6d89\" data-element_type=\"section\">\n\t\t\t\t\t\t<div class=\"elementor-container elementor-column-gap-default\">\n\t\t\t\t\t<div class=\"elementor-column elementor-col-100 elementor-top-column elementor-element elementor-element-eb5cc89\" data-id=\"eb5cc89\" data-element_type=\"column\">\n\t\t\t<div class=\"elementor-widget-wrap elementor-element-populated\">\n\t\t\t\t\t\t<div class=\"elementor-element elementor-element-65919fe elementor-widget elementor-widget-text-editor\" data-id=\"65919fe\" data-element_type=\"widget\" data-widget_type=\"text-editor.default\">\n\t\t\t\t<div class=\"elementor-widget-container\">\n\t\t\t\t\t\t\t\t\t<p>&nbsp; &nbsp;\u2012 Pol\u00edtica de Devoluciones \u2012<\/p>\t\t\t\t\t\t\t\t<\/div>\n\t\t\t\t<\/div>\n\t\t\t\t<div class=\"elementor-element elementor-element-dce955f elementor-widget-divider--view-line elementor-widget elementor-widget-divider\" data-id=\"dce955f\" data-element_type=\"widget\" data-widget_type=\"divider.default\">\n\t\t\t\t<div class=\"elementor-widget-container\">\n\t\t\t\t\t\t\t<div class=\"elementor-divider\">\n\t\t\t<span class=\"elementor-divider-separator\">\n\t\t\t\t\t\t<\/span>\n\t\t<\/div>\n\t\t\t\t\t\t<\/div>\n\t\t\t\t<\/div>\n\t\t\t\t\t<\/div>\n\t\t<\/div>\n\t\t\t\t\t<\/div>\n\t\t<\/section>\n\t\t\t\t<section class=\"elementor-section elementor-top-section elementor-element elementor-element-f6d395c elementor-section-boxed elementor-section-height-default elementor-section-height-default\" data-id=\"f6d395c\" data-element_type=\"section\">\n\t\t\t\t\t\t<div class=\"elementor-container elementor-column-gap-default\">\n\t\t\t\t\t<div class=\"elementor-column elementor-col-100 elementor-top-column elementor-element elementor-element-190ea6d\" data-id=\"190ea6d\" data-element_type=\"column\">\n\t\t\t<div class=\"elementor-widget-wrap elementor-element-populated\">\n\t\t\t\t\t\t<div class=\"elementor-element elementor-element-4fda805 elementor-widget elementor-widget-text-editor\" data-id=\"4fda805\" data-element_type=\"widget\" data-widget_type=\"text-editor.default\">\n\t\t\t\t<div class=\"elementor-widget-container\">\n\t\t\t\t\t\t\t\t\t<p style=\"text-align: center;\"><span style=\"color: #000000;\"><strong><span style=\"font-size: 11.5pt; font-family: 'Century Gothic', sans-serif; background-image: initial; background-position: initial; background-size: initial; background-repeat: initial; background-attachment: initial; background-origin: initial; background-clip: initial;\">\u00bfNUESTRAS<\/span><span style=\"font-size: 11.5pt; font-family: 'Century Gothic', sans-serif; background-image: initial; background-position: initial; background-size: initial; background-repeat: initial; background-attachment: initial; background-origin: initial; background-clip: initial;\"> JOYAS O ACCESORIOS CUENTAN CON GARANT\u00cdA?<\/span><\/strong><\/span><\/p><p style=\"text-align: center;\"><span style=\"font-size: 11.5pt; font-family: 'Century Gothic', sans-serif; color: #0c0c0c; background-image: initial; background-position: initial; background-size: initial; background-repeat: initial; background-attachment: initial; background-origin: initial; background-clip: initial;\"><strong>\u2661\u00a0 <\/strong>Nuestras piezas de bronce con ba\u00f1o en oro de 24 kilates, cuentan con garant\u00eda de 30 d\u00edas sobre el desgaste natural del ba\u00f1o en oro, <\/span><span style=\"color: #0c0c0c; font-family: 'Century Gothic', sans-serif; font-size: 11.5pt;\">es decir, en caso de que se pongan opacas o pierdan el brillo por su uso inadecuado.<\/span><\/p>\t\t\t\t\t\t\t\t<\/div>\n\t\t\t\t<\/div>\n\t\t\t\t\t<\/div>\n\t\t<\/div>\n\t\t\t\t\t<\/div>\n\t\t<\/section>\n\t\t\t\t<section class=\"elementor-section elementor-top-section elementor-element elementor-element-6e5cc13 elementor-section-boxed elementor-section-height-default elementor-section-height-default\" data-id=\"6e5cc13\" data-element_type=\"section\">\n\t\t\t\t\t\t<div class=\"elementor-container elementor-column-gap-default\">\n\t\t\t\t\t<div class=\"elementor-column elementor-col-100 elementor-top-column elementor-element elementor-element-d04bad1\" data-id=\"d04bad1\" data-element_type=\"column\">\n\t\t\t<div class=\"elementor-widget-wrap elementor-element-populated\">\n\t\t\t\t\t\t<div class=\"elementor-element elementor-element-45db46b elementor-widget elementor-widget-text-editor\" data-id=\"45db46b\" data-element_type=\"widget\" data-widget_type=\"text-editor.default\">\n\t\t\t\t<div class=\"elementor-widget-container\">\n\t\t\t\t\t\t\t\t\t<p style=\"text-align: center;\"><span style=\"color: #000000;\"><strong>\u00bfPUEDO REPARAR MIS JOYAS O ACCESORIOS? <\/strong><\/span><\/p>\n<p style=\"text-align: center;\"><strong>\u2661<\/strong>&nbsp;Juliana Urbano Accesorios &amp; Moda te ofrece el servicio de reparaci\u00f3n de piezas en acero o bronce, ya sea por defectos de fabricaci\u00f3n, ensamble, piezas quebradas o agrietadas por mal uso o golpes.<\/p>\n<p style=\"text-align: center;\"><strong>\u2661<\/strong>&nbsp; En caso de que el producto haya llegado en mal estado con da\u00f1os ocasionados en el env\u00edo, deber\u00e1 informar inmediatamente a nuestro whatsapp, envi\u00e1ndonos una foto y una&nbsp;descripci\u00f3n detallada de lo sucedi\u00f3.<\/p>\n<p style=\"text-align: center;\"><strong>\u2661<\/strong>&nbsp; Si el da\u00f1o es de fabrica o por mal uso, se prosigue a determinar qu\u00e9 medidas se van a tomar, si es arreglo de pieza o cambio por una nueva del mismo valor.<\/p>\n<p style=\"text-align: center;\"><strong>\u2661<\/strong>&nbsp; Despu\u00e9s de confirmada la devoluci\u00f3n, se proceder\u00e1 a evaluar y analizar el producto, una vez el accesorio se encuentre reparado y listo, se coordinar\u00e1 con el cliente la entrega del mismo.<\/p>\n<p style=\"text-align: center;\"><strong>\u2661<\/strong>&nbsp; Todos los gastos de reparaci\u00f3n y env\u00edo correspondientes a GARANT\u00cdAS de accesorios adquiridos en nuestra tienda y aprobadas por el departamento de calidad, son asumidos por Juliana Urbano Accesorios &amp; Moda.<\/p>\n<p style=\"text-align: center;\"><strong>\u2661<\/strong>&nbsp; Todo da\u00f1o que se genere sobre productos de materiales diferentes a los de bronce, despu\u00e9s de los 15 d\u00edas h\u00e1biles siguientes a la compra de estos, los costos de reparaci\u00f3n correr\u00e1n exclusivamente por cuenta del cliente.<\/p>\t\t\t\t\t\t\t\t<\/div>\n\t\t\t\t<\/div>\n\t\t\t\t\t<\/div>\n\t\t<\/div>\n\t\t\t\t\t<\/div>\n\t\t<\/section>\n\t\t\t\t<section class=\"elementor-section elementor-top-section elementor-element elementor-element-f76f3ec elementor-section-boxed elementor-section-height-default elementor-section-height-default\" data-id=\"f76f3ec\" data-element_type=\"section\">\n\t\t\t\t\t\t<div class=\"elementor-container elementor-column-gap-default\">\n\t\t\t\t\t<div class=\"elementor-column elementor-col-100 elementor-top-column elementor-element elementor-element-8663122\" data-id=\"8663122\" data-element_type=\"column\">\n\t\t\t<div class=\"elementor-widget-wrap elementor-element-populated\">\n\t\t\t\t\t\t<div class=\"elementor-element elementor-element-ecdc655 elementor-widget elementor-widget-text-editor\" data-id=\"ecdc655\" data-element_type=\"widget\" data-widget_type=\"text-editor.default\">\n\t\t\t\t<div class=\"elementor-widget-container\">\n\t\t\t\t\t\t\t\t\t<p style=\"text-align: center;\"><strong><span style=\"color: #000000;\">\u00bfPUEDO REALIZAR UN CAMBIO O UNA DEVOLUCI\u00d3N?<\/span><\/strong><\/p><p style=\"text-align: center;\"><strong>\u2661<\/strong>\u00a0\u00a0 S\u00ed, nuestra pol\u00edtica de devoluci\u00f3n o cambio tiene vigencia de 5 d\u00edas h\u00e1biles contando a partir del momento en que se recibe el producto y para ello debes tener en cuenta lo siguiente:<\/p><p style=\"text-align: center;\"><strong>1.<\/strong> La joya o accesorio NO debe haber sido usada, lavada o da\u00f1ada,\u00a0 debe ser devuelta en PERFECTAS CONDICIONES, tal cual como se entreg\u00f3 al cliente.<\/p><p style=\"text-align: center;\"><strong>2.<\/strong> Debe devolverlo en el empaque original, bolsa sat\u00edn, bolsa papel o caja con sus respectivas etiquetas y tarjetas.<\/p><p style=\"text-align: center;\"><strong>3.<\/strong> Si el cliente desea cambiar el accesorio comprado por uno de mayor valor deber\u00e1 cancelar el excedente; si es de menor valor al del adquirido, NO se har\u00e1 devoluci\u00f3n del dinero, sino que se proceder\u00e1 a constituir un saldo a favor del cliente.<\/p><p style=\"text-align: center;\"><strong>4.<\/strong> S\u00f3lo se aceptar\u00e1n cambios de los productos que se compren en el precio completo, es decir la devoluci\u00f3n NO aplica para productos comprados en descuento ni para dise\u00f1os personalizados.<\/p><p style=\"text-align: center;\"><strong>5.<\/strong>\u00a0Los costos de transporte y lo dem\u00e1s que conlleve a la devoluci\u00f3n ser\u00e1n cubiertos por el cliente.<\/p>\t\t\t\t\t\t\t\t<\/div>\n\t\t\t\t<\/div>\n\t\t\t\t\t<\/div>\n\t\t<\/div>\n\t\t\t\t\t<\/div>\n\t\t<\/section>\n\t\t\t\t<section class=\"elementor-section elementor-top-section elementor-element elementor-element-a051772 elementor-section-boxed elementor-section-height-default elementor-section-height-default\" data-id=\"a051772\" data-element_type=\"section\">\n\t\t\t\t\t\t<div class=\"elementor-container elementor-column-gap-default\">\n\t\t\t\t\t<div class=\"elementor-column elementor-col-100 elementor-top-column elementor-element elementor-element-753df33\" data-id=\"753df33\" data-element_type=\"column\">\n\t\t\t<div class=\"elementor-widget-wrap elementor-element-populated\">\n\t\t\t\t\t\t<div class=\"elementor-element elementor-element-58b5db7 elementor-widget elementor-widget-text-editor\" data-id=\"58b5db7\" data-element_type=\"widget\" data-widget_type=\"text-editor.default\">\n\t\t\t\t<div class=\"elementor-widget-container\">\n\t\t\t\t\t\t\t\t\t<p style=\"text-align: center;\">\u00bfC\u00f3mo puedo hacer el cambio?<\/p>\t\t\t\t\t\t\t\t<\/div>\n\t\t\t\t<\/div>\n\t\t\t\t\t<\/div>\n\t\t<\/div>\n\t\t\t\t\t<\/div>\n\t\t<\/section>\n\t\t\t\t<section class=\"elementor-section elementor-top-section elementor-element elementor-element-66fc8b5 elementor-section-boxed elementor-section-height-default elementor-section-height-default\" data-id=\"66fc8b5\" data-element_type=\"section\">\n\t\t\t\t\t\t<div class=\"elementor-container elementor-column-gap-default\">\n\t\t\t\t\t<div class=\"elementor-column elementor-col-100 elementor-top-column elementor-element elementor-element-1841764\" data-id=\"1841764\" data-element_type=\"column\">\n\t\t\t<div class=\"elementor-widget-wrap elementor-element-populated\">\n\t\t\t\t\t\t<div class=\"elementor-element elementor-element-6bd4122 elementor-widget elementor-widget-text-editor\" data-id=\"6bd4122\" data-element_type=\"widget\" data-widget_type=\"text-editor.default\">\n\t\t\t\t<div class=\"elementor-widget-container\">\n\t\t\t\t\t\t\t\t\t<p style=\"text-align: center;\"><span style=\"color: #000000;\"><strong>Existen tres formas para que realices tu cambio<\/strong><\/span>\u00a0<u><\/u>\u00a0<\/p><p style=\"text-align: center;\"><strong>\u2661 <\/strong>Debes informarnos previamente a nuestra l\u00ednea de atenci\u00f3n whatsapp +57 311 607 2046 o a nuestro correo electr\u00f3nico juaccesorioymoda19@hotmail.com<u><\/u><wbr \/><\/p><p style=\"text-align: center;\"><strong>\u2661 <\/strong>Llevando personalmente tus productos a nuestro showroom en Popay\u00e1n.<u><\/u>\u00a0<\/p><p style=\"text-align: center;\"><u><\/u><strong>\u2661 <\/strong>Enviando tus productos a domicilio en Popay\u00e1n (el valor de los domicilios corre por cuenta del cliente).<u><\/u><\/p>\t\t\t\t\t\t\t\t<\/div>\n\t\t\t\t<\/div>\n\t\t\t\t\t<\/div>\n\t\t<\/div>\n\t\t\t\t\t<\/div>\n\t\t<\/section>\n\t\t\t\t<\/div>\n\t\t","protected":false},"excerpt":{"rendered":"<p>&nbsp; &nbsp;\u2012 Pol\u00edtica de Devoluciones \u2012 \u00bfNUESTRAS JOYAS O ACCESORIOS CUENTAN CON GARANT\u00cdA? \u2661\u00a0 Nuestras piezas de bronce con ba\u00f1o en oro [&hellip;]<\/p>\n","protected":false},"author":1,"featured_media":0,"parent":0,"menu_order":0,"comment_status":"closed","ping_status":"closed","template":"elementor_header_footer","meta":{"footnotes":""},"jetpack_sharing_enabled":true,"_links":{"self":[{"href":"https:\/\/juaccesoriosymoda.com\/index.php\/wp-json\/wp\/v2\/pages\/1125"}],"collection":[{"href":"https:\/\/juaccesoriosymoda.com\/index.php\/wp-json\/wp\/v2\/pages"}],"about":[{"href":"https:\/\/juaccesoriosymoda.com\/index.php\/wp-json\/wp\/v2\/types\/page"}],"author":[{"embeddable":true,"href":"https:\/\/juaccesoriosymoda.com\/index.php\/wp-json\/wp\/v2\/users\/1"}],"replies":[{"embeddable":true,"href":"https:\/\/juaccesoriosymoda.com\/index.php\/wp-json\/wp\/v2\/comments?post=1125"}],"version-history":[{"count":91,"href":"https:\/\/juaccesoriosymoda.com\/index.php\/wp-json\/wp\/v2\/pages\/1125\/revisions"}],"predecessor-version":[{"id":6581,"href":"https:\/\/juaccesoriosymoda.com\/index.php\/wp-json\/wp\/v2\/pages\/1125\/revisions\/6581"}],"wp:attachment":[{"href":"https:\/\/juaccesoriosymoda.com\/index.php\/wp-json\/wp\/v2\/media?parent=1125"}],"curies":[{"name":"wp","href":"https:\/\/api.w.org\/{rel}","templated":true}]}}