{"id":1201,"date":"2022-02-17T20:33:34","date_gmt":"2022-02-17T20:33:34","guid":{"rendered":"https:\/\/juaccesoriosymoda.com\/?page_id=1201"},"modified":"2026-04-17T01:53:51","modified_gmt":"2026-04-17T01:53:51","slug":"envios","status":"publish","type":"page","link":"https:\/\/juaccesoriosymoda.com\/index.php\/envios\/","title":{"rendered":"Env\u00edos"},"content":{"rendered":"\t\t<div data-elementor-type=\"wp-page\" data-elementor-id=\"1201\" class=\"elementor elementor-1201\">\n\t\t\t\t\t\t<section class=\"elementor-section elementor-top-section elementor-element elementor-element-7118801 elementor-section-boxed elementor-section-height-default elementor-section-height-default\" data-id=\"7118801\" data-element_type=\"section\">\n\t\t\t\t\t\t<div class=\"elementor-container elementor-column-gap-default\">\n\t\t\t\t\t<div class=\"elementor-column elementor-col-100 elementor-top-column elementor-element elementor-element-0aa3766\" data-id=\"0aa3766\" data-element_type=\"column\">\n\t\t\t<div class=\"elementor-widget-wrap elementor-element-populated\">\n\t\t\t\t\t\t<div class=\"elementor-element elementor-element-1ed7d3c elementor-widget elementor-widget-text-editor\" data-id=\"1ed7d3c\" data-element_type=\"widget\" data-widget_type=\"text-editor.default\">\n\t\t\t\t<div class=\"elementor-widget-container\">\n\t\t\t\t\t\t\t\t\t<p>Env\u00edos<\/p>\t\t\t\t\t\t\t\t<\/div>\n\t\t\t\t<\/div>\n\t\t\t\t<div class=\"elementor-element elementor-element-a1a5efc elementor-widget-divider--view-line elementor-widget elementor-widget-divider\" data-id=\"a1a5efc\" data-element_type=\"widget\" data-widget_type=\"divider.default\">\n\t\t\t\t<div class=\"elementor-widget-container\">\n\t\t\t\t\t\t\t<div class=\"elementor-divider\">\n\t\t\t<span class=\"elementor-divider-separator\">\n\t\t\t\t\t\t<\/span>\n\t\t<\/div>\n\t\t\t\t\t\t<\/div>\n\t\t\t\t<\/div>\n\t\t\t\t\t<\/div>\n\t\t<\/div>\n\t\t\t\t\t<\/div>\n\t\t<\/section>\n\t\t\t\t<section class=\"elementor-section elementor-top-section elementor-element elementor-element-15b110e elementor-section-boxed elementor-section-height-default elementor-section-height-default\" data-id=\"15b110e\" data-element_type=\"section\">\n\t\t\t\t\t\t<div class=\"elementor-container elementor-column-gap-default\">\n\t\t\t\t\t<div class=\"elementor-column elementor-col-33 elementor-top-column elementor-element elementor-element-2e5def1\" data-id=\"2e5def1\" data-element_type=\"column\">\n\t\t\t<div class=\"elementor-widget-wrap elementor-element-populated\">\n\t\t\t\t\t\t<div class=\"elementor-element elementor-element-c89d804 elementor-hidden-mobile elementor-widget elementor-widget-image\" data-id=\"c89d804\" data-element_type=\"widget\" data-widget_type=\"image.default\">\n\t\t\t\t<div class=\"elementor-widget-container\">\n\t\t\t\t\t\t\t\t\t\t\t\t\t\t\t<img decoding=\"async\" src=\"https:\/\/juaccesoriosymoda.com\/wp-content\/uploads\/elementor\/thumbs\/Flor-2-pkv4zwe7nqsn1rk7d704p7wot727z7vpo3kfahdoc4.webp\" title=\"Flor 2\" alt=\"Flor 2\" loading=\"lazy\" \/>\t\t\t\t\t\t\t\t\t\t\t\t\t\t\t<\/div>\n\t\t\t\t<\/div>\n\t\t\t\t\t<\/div>\n\t\t<\/div>\n\t\t\t\t<div class=\"elementor-column elementor-col-33 elementor-top-column elementor-element elementor-element-0de2c13\" data-id=\"0de2c13\" data-element_type=\"column\">\n\t\t\t<div class=\"elementor-widget-wrap elementor-element-populated\">\n\t\t\t\t\t\t<div class=\"elementor-element elementor-element-48da824 elementor-widget elementor-widget-text-editor\" data-id=\"48da824\" data-element_type=\"widget\" data-widget_type=\"text-editor.default\">\n\t\t\t\t<div class=\"elementor-widget-container\">\n\t\t\t\t\t\t\t\t\t<p>Env\u00edos Locales (Popay\u00e1n)<\/p>\t\t\t\t\t\t\t\t<\/div>\n\t\t\t\t<\/div>\n\t\t\t\t\t<\/div>\n\t\t<\/div>\n\t\t\t\t<div class=\"elementor-column elementor-col-33 elementor-top-column elementor-element elementor-element-eab53ac\" data-id=\"eab53ac\" data-element_type=\"column\">\n\t\t\t<div class=\"elementor-widget-wrap elementor-element-populated\">\n\t\t\t\t\t\t<div class=\"elementor-element elementor-element-671c82c elementor-widget elementor-widget-text-editor\" data-id=\"671c82c\" data-element_type=\"widget\" data-widget_type=\"text-editor.default\">\n\t\t\t\t<div class=\"elementor-widget-container\">\n\t\t\t\t\t\t\t\t\t<p>Todos los productos se env\u00edan a domicilio por la empresa transportadora DOMIEXPRESS, de lunes a s\u00e1bado, su precio oscila entre $4.000 y $7.000 COP dependiendo donde vivas (zona de encuentro).<\/p>\t\t\t\t\t\t\t\t<\/div>\n\t\t\t\t<\/div>\n\t\t\t\t\t<\/div>\n\t\t<\/div>\n\t\t\t\t\t<\/div>\n\t\t<\/section>\n\t\t\t\t<section class=\"elementor-section elementor-top-section elementor-element elementor-element-eee86e4 elementor-section-boxed elementor-section-height-default elementor-section-height-default\" data-id=\"eee86e4\" data-element_type=\"section\">\n\t\t\t\t\t\t<div class=\"elementor-container elementor-column-gap-default\">\n\t\t\t\t\t<div class=\"elementor-column elementor-col-100 elementor-top-column elementor-element elementor-element-26e7f90\" data-id=\"26e7f90\" data-element_type=\"column\">\n\t\t\t<div class=\"elementor-widget-wrap elementor-element-populated\">\n\t\t\t\t\t\t<div class=\"elementor-element elementor-element-644f656 elementor-widget elementor-widget-text-editor\" data-id=\"644f656\" data-element_type=\"widget\" data-widget_type=\"text-editor.default\">\n\t\t\t\t<div class=\"elementor-widget-container\">\n\t\t\t\t\t\t\t\t\t<p>Si deseas el producto o detalle para entrega inmediata, es decir, el mismo d\u00eda de la compra, debes informarnos inmediatamente en el momento de realizar\u00a0 tu pedido, en<strong> notas de pedido, <\/strong>o\u00a0a nuestro <strong><a href=\"https:\/\/l.instagram.com\/?u=http%3A%2F%2Fwa.me%2F573116072046&amp;e=ATNvtt8vpvIIMpgB907KTtza26yyOZH0ABchVyDp3Jw4oCHyzP65MpvV7oY7fp8GsYsI3eOTc41IXjRtAU4TFw&amp;s=1\">WhatsApp<\/a><\/strong> o <strong>mensaje directo en Instagram <a href=\"https:\/\/www.instagram.com\/juli.urbanoaym\/\">@juli.urbanoaym<\/a><\/strong>, y enviarnos la hora en que desees que sea entregado el producto; por favor hacer la solicitud con horas de anterioridad a la entrega de este.<\/p>\t\t\t\t\t\t\t\t<\/div>\n\t\t\t\t<\/div>\n\t\t\t\t<div class=\"elementor-element elementor-element-f5aa49a elementor-widget elementor-widget-text-editor\" data-id=\"f5aa49a\" data-element_type=\"widget\" data-widget_type=\"text-editor.default\">\n\t\t\t\t<div class=\"elementor-widget-container\">\n\t\t\t\t\t\t\t\t\t<p>Domiexpress hace 2 intentos de entrega, s\u00ed\u00a0<b>NO<\/b>\u00a0recibes el env\u00edo o no est\u00e1s pendiente del paquete para la entrega, el domiciliario lo devolver\u00e1 a las instalaciones de nuestro taller, deber\u00e1s informarnos inmediatamente para cuadrar nuevamente la hora de entrega.<\/p>\t\t\t\t\t\t\t\t<\/div>\n\t\t\t\t<\/div>\n\t\t\t\t\t<\/div>\n\t\t<\/div>\n\t\t\t\t\t<\/div>\n\t\t<\/section>\n\t\t\t\t<section class=\"elementor-section elementor-top-section elementor-element elementor-element-592ea1e elementor-section-boxed elementor-section-height-default elementor-section-height-default\" data-id=\"592ea1e\" data-element_type=\"section\">\n\t\t\t\t\t\t<div class=\"elementor-container elementor-column-gap-default\">\n\t\t\t\t\t<div class=\"elementor-column elementor-col-100 elementor-top-column elementor-element elementor-element-6fefe54\" data-id=\"6fefe54\" data-element_type=\"column\">\n\t\t\t<div class=\"elementor-widget-wrap elementor-element-populated\">\n\t\t\t\t\t\t<div class=\"elementor-element elementor-element-c2dba0e elementor-widget elementor-widget-text-editor\" data-id=\"c2dba0e\" data-element_type=\"widget\" data-widget_type=\"text-editor.default\">\n\t\t\t\t<div class=\"elementor-widget-container\">\n\t\t\t\t\t\t\t\t\t<p>Horario de entregas\u00a0 y despachos<\/p>\t\t\t\t\t\t\t\t<\/div>\n\t\t\t\t<\/div>\n\t\t\t\t<div class=\"elementor-element elementor-element-67e38b0 elementor-widget elementor-widget-text-editor\" data-id=\"67e38b0\" data-element_type=\"widget\" data-widget_type=\"text-editor.default\">\n\t\t\t\t<div class=\"elementor-widget-container\">\n\t\t\t\t\t\t\t\t\t<div><b>LUNES A VIERNES<\/b><br><strong>(Local)&nbsp;<\/strong>Desde las 9:00 am a 7:00 pm<\/div>\n<div><span style=\"font-weight: 600;\">(Nacional)&nbsp;<\/span>Desde las 9:00 am a 4:00 pm<br><strong>S\u00c1BADOS<\/strong><\/div>\n<div><strong>(Local)&nbsp;<\/strong>Desde las 9:30 am a 3:00 pm<br><b>(Nacional)<\/b> Desde las 9:30 am a 1:00 pm<\/div>\n<div><b>DOMINGOS Y FESTIVOS<\/b><\/div>\n<div><strong>NO <\/strong>realizamos env\u00edos. Estos ser\u00e1n despachados<\/div>\n<div>al d\u00eda siguiente en el horario habitual<\/div>\t\t\t\t\t\t\t\t<\/div>\n\t\t\t\t<\/div>\n\t\t\t\t\t<\/div>\n\t\t<\/div>\n\t\t\t\t\t<\/div>\n\t\t<\/section>\n\t\t\t\t<section class=\"elementor-section elementor-top-section elementor-element elementor-element-a190e01 elementor-section-boxed elementor-section-height-default elementor-section-height-default\" data-id=\"a190e01\" data-element_type=\"section\">\n\t\t\t\t\t\t<div class=\"elementor-container elementor-column-gap-default\">\n\t\t\t\t\t<div class=\"elementor-column elementor-col-33 elementor-top-column elementor-element elementor-element-64c8c56\" data-id=\"64c8c56\" data-element_type=\"column\">\n\t\t\t<div class=\"elementor-widget-wrap elementor-element-populated\">\n\t\t\t\t\t\t<div class=\"elementor-element elementor-element-cf8f8a7 elementor-hidden-mobile elementor-widget elementor-widget-image\" data-id=\"cf8f8a7\" data-element_type=\"widget\" data-widget_type=\"image.default\">\n\t\t\t\t<div class=\"elementor-widget-container\">\n\t\t\t\t\t\t\t\t\t\t\t\t\t\t\t<img decoding=\"async\" src=\"https:\/\/juaccesoriosymoda.com\/wp-content\/uploads\/elementor\/thumbs\/Flor-2-pkv4zwe7nqsn1rk7d704p7wot727z7vpo3kfahdoc4.webp\" title=\"Flor 2\" alt=\"Flor 2\" loading=\"lazy\" \/>\t\t\t\t\t\t\t\t\t\t\t\t\t\t\t<\/div>\n\t\t\t\t<\/div>\n\t\t\t\t\t<\/div>\n\t\t<\/div>\n\t\t\t\t<div class=\"elementor-column elementor-col-33 elementor-top-column elementor-element elementor-element-df3d019\" data-id=\"df3d019\" data-element_type=\"column\">\n\t\t\t<div class=\"elementor-widget-wrap elementor-element-populated\">\n\t\t\t\t\t\t<div class=\"elementor-element elementor-element-a1f1cda elementor-widget elementor-widget-text-editor\" data-id=\"a1f1cda\" data-element_type=\"widget\" data-widget_type=\"text-editor.default\">\n\t\t\t\t<div class=\"elementor-widget-container\">\n\t\t\t\t\t\t\t\t\t<p>Env\u00edos Nacionales (Colombia)<\/p>\t\t\t\t\t\t\t\t<\/div>\n\t\t\t\t<\/div>\n\t\t\t\t\t<\/div>\n\t\t<\/div>\n\t\t\t\t<div class=\"elementor-column elementor-col-33 elementor-top-column elementor-element elementor-element-cba1321\" data-id=\"cba1321\" data-element_type=\"column\">\n\t\t\t<div class=\"elementor-widget-wrap elementor-element-populated\">\n\t\t\t\t\t\t<div class=\"elementor-element elementor-element-26ac522 elementor-widget elementor-widget-text-editor\" data-id=\"26ac522\" data-element_type=\"widget\" data-widget_type=\"text-editor.default\">\n\t\t\t\t<div class=\"elementor-widget-container\">\n\t\t\t\t\t\t\t\t\t<p>Todos los productos se env\u00edan por la empresa transportadora ENVIA, de lunes a s\u00e1bado. El valor de este oscila entre $13.000 y $21.000 COP a cualquier parte del Pa\u00eds.<\/p>\t\t\t\t\t\t\t\t<\/div>\n\t\t\t\t<\/div>\n\t\t\t\t\t<\/div>\n\t\t<\/div>\n\t\t\t\t\t<\/div>\n\t\t<\/section>\n\t\t\t\t<section class=\"elementor-section elementor-top-section elementor-element elementor-element-d360264 elementor-section-boxed elementor-section-height-default elementor-section-height-default\" data-id=\"d360264\" data-element_type=\"section\">\n\t\t\t\t\t\t<div class=\"elementor-container elementor-column-gap-default\">\n\t\t\t\t\t<div class=\"elementor-column elementor-col-100 elementor-top-column elementor-element elementor-element-59470cf\" data-id=\"59470cf\" data-element_type=\"column\">\n\t\t\t<div class=\"elementor-widget-wrap elementor-element-populated\">\n\t\t\t\t\t\t<div class=\"elementor-element elementor-element-3a688bc elementor-widget elementor-widget-text-editor\" data-id=\"3a688bc\" data-element_type=\"widget\" data-widget_type=\"text-editor.default\">\n\t\t\t\t<div class=\"elementor-widget-container\">\n\t\t\t\t\t\t\t\t\t<p>Env\u00eda hacen 2 intentos de entrega, si\u00a0<b>NO<\/b> recibes el producto o no estas pendiente del paquete para la entrega, la empresa transportadora lo devolver\u00e1 a bodega y se comunicar\u00e1 con el destinatario para definir cuando se har\u00e1 de nuevo la entrega, de lo contrario deber\u00e1s ir personalmente a la oficina (ENVIA) \u00a0m\u00e1s cercana de la direcci\u00f3n de env\u00edo (residencia) y recoger el paquete personalmente, por lo que deber\u00e1s de asumir todos los costos de env\u00edo que esto implique y <span class=\"il\">Juliana<\/span>\u00a0<span class=\"il\">Urbano<\/span>\u00a0Accesorios &amp; Moda\u00a0<b>NO<\/b> se har\u00e1 responsable del paquete cuando la empresa de transporte no pueda entregar el env\u00edo a su destinatario, por culpa exclusiva de \u00e9ste, ni tampoco asumir\u00e1 ning\u00fan costo que de esto se origine, ni har\u00e1 devoluci\u00f3n del dinero de tu compra, ya que es responsabilidad de cada cliente estar pendiente de recibir su pedido.<\/p>\t\t\t\t\t\t\t\t<\/div>\n\t\t\t\t<\/div>\n\t\t\t\t\t<\/div>\n\t\t<\/div>\n\t\t\t\t\t<\/div>\n\t\t<\/section>\n\t\t\t\t<section class=\"elementor-section elementor-top-section elementor-element elementor-element-a124262 elementor-section-boxed elementor-section-height-default elementor-section-height-default\" data-id=\"a124262\" data-element_type=\"section\">\n\t\t\t\t\t\t<div class=\"elementor-container elementor-column-gap-default\">\n\t\t\t\t\t<div class=\"elementor-column elementor-col-100 elementor-top-column elementor-element elementor-element-90e494c\" data-id=\"90e494c\" data-element_type=\"column\">\n\t\t\t<div class=\"elementor-widget-wrap elementor-element-populated\">\n\t\t\t\t\t\t<div class=\"elementor-element elementor-element-b674902 elementor-widget elementor-widget-text-editor\" data-id=\"b674902\" data-element_type=\"widget\" data-widget_type=\"text-editor.default\">\n\t\t\t\t<div class=\"elementor-widget-container\">\n\t\t\t\t\t\t\t\t\t<p>Por compras superiores a $210.000 COP los env\u00edos son GRATIS.<\/p>\t\t\t\t\t\t\t\t<\/div>\n\t\t\t\t<\/div>\n\t\t\t\t\t<\/div>\n\t\t<\/div>\n\t\t\t\t\t<\/div>\n\t\t<\/section>\n\t\t\t\t<section class=\"elementor-section elementor-top-section elementor-element elementor-element-0c6347d elementor-section-boxed elementor-section-height-default elementor-section-height-default\" data-id=\"0c6347d\" data-element_type=\"section\">\n\t\t\t\t\t\t<div class=\"elementor-container elementor-column-gap-default\">\n\t\t\t\t\t<div class=\"elementor-column elementor-col-100 elementor-top-column elementor-element elementor-element-307f7b6\" data-id=\"307f7b6\" data-element_type=\"column\">\n\t\t\t<div class=\"elementor-widget-wrap elementor-element-populated\">\n\t\t\t\t\t\t<div class=\"elementor-element elementor-element-f197ded elementor-widget elementor-widget-text-editor\" data-id=\"f197ded\" data-element_type=\"widget\" data-widget_type=\"text-editor.default\">\n\t\t\t\t<div class=\"elementor-widget-container\">\n\t\t\t\t\t\t\t\t\t<p>\u00a1Importante!<\/p>\t\t\t\t\t\t\t\t<\/div>\n\t\t\t\t<\/div>\n\t\t\t\t\t<\/div>\n\t\t<\/div>\n\t\t\t\t\t<\/div>\n\t\t<\/section>\n\t\t\t\t<section class=\"elementor-section elementor-top-section elementor-element elementor-element-d6c4fcf elementor-section-boxed elementor-section-height-default elementor-section-height-default\" data-id=\"d6c4fcf\" data-element_type=\"section\">\n\t\t\t\t\t\t<div class=\"elementor-container elementor-column-gap-default\">\n\t\t\t\t\t<div class=\"elementor-column elementor-col-100 elementor-top-column elementor-element elementor-element-3f3c836\" data-id=\"3f3c836\" data-element_type=\"column\">\n\t\t\t<div class=\"elementor-widget-wrap elementor-element-populated\">\n\t\t\t\t\t\t<div class=\"elementor-element elementor-element-3da9934 elementor-widget elementor-widget-text-editor\" data-id=\"3da9934\" data-element_type=\"widget\" data-widget_type=\"text-editor.default\">\n\t\t\t\t<div class=\"elementor-widget-container\">\n\t\t\t\t\t\t\t\t\t<div>\u2022&nbsp; Los env\u00edos se hacen de 1 a 5 d\u00edas h\u00e1biles al d\u00eda siguiente de la confirmaci\u00f3n de la compra, por la situaci\u00f3n con el COVID 19 o problemas en la carretera, pueden presentarse demoras.<\/div>\n<div>&nbsp;<\/div>\n<div>\u2022&nbsp; Si te encuentras en Popay\u00e1n, te damos la posibilidad de pasar por t\u00fa pedido a nuestro showroom. Debes<b> informarnos<\/b> en el momento que vas a realizar t\u00fa pedido, en <b>detalles de facturaci\u00f3n<\/b>&nbsp;&#8220;<b>notas de pedido&#8221;,&nbsp;<\/b>el <b>d\u00eda<\/b> y<b> hora<\/b> de <b>recogida,<\/b> una vez confirmado el pago del producto por nuestra plataforma <b>Wompi<\/b>, procedemos a empacar t\u00fa producto en un tiempo m\u00ednimo de 2 horas antes a la hora informada. Ten en cuenta: se separa el producto una vez confirmado el pago de este, de lo contario no lo separaremos.<\/div>\n<div>&nbsp;<\/div>\n<div>\u2022&nbsp; En caso de que el producto sea para DETALLE debes cancelarnos tanto el valor del producto, m\u00e1s el valor del env\u00edo.<\/div>\n<div>&nbsp;<\/div>\n<div>\u2022&nbsp; El tiempo de llegada depende 100% de la empresa transportadora y el cliente debe hacer el respectivo seguimiento de su paquete.<\/div>\n<div>&nbsp;<\/div>\n<div>\u2022 Una vez&nbsp; nuestro equipo JU ha realizado el env\u00edo (en los tiempos estipulados anteriormente), se informar\u00e1 y enviar\u00e1 al cliente al n\u00famero de whatsapp registrado en los datos solicitados en detalles de facturaci\u00f3n, una foto de la gu\u00eda y n\u00famero de rastreo con la cual podr\u00e1 hacer el seguimiento de su pedido.<\/div>\n<div>&nbsp;<\/div>\n<div>\u2022 Si el cliente&nbsp;<b>NO&nbsp;<\/b>recibe esta informaci\u00f3n, por favor comunicarse inmediatamente a nuestro <a href=\"https:\/\/l.instagram.com\/?u=http%3A%2F%2Fwa.me%2F573116072046&amp;e=ATNvtt8vpvIIMpgB907KTtza26yyOZH0ABchVyDp3Jw4oCHyzP65MpvV7oY7fp8GsYsI3eOTc41IXjRtAU4TFw&amp;s=1\">WhatsApp<\/a>&nbsp; o email @<a href=\"mailto:juaccesoriosymoda19@hotmail.com\" target=\"_blank\" rel=\"noopener\">juaccesoriosymoda19@hotmail.<wbr>com<\/a><\/div>\t\t\t\t\t\t\t\t<\/div>\n\t\t\t\t<\/div>\n\t\t\t\t\t<\/div>\n\t\t<\/div>\n\t\t\t\t\t<\/div>\n\t\t<\/section>\n\t\t\t\t<section class=\"elementor-section elementor-top-section elementor-element elementor-element-7bd533e elementor-section-boxed elementor-section-height-default elementor-section-height-default\" data-id=\"7bd533e\" data-element_type=\"section\">\n\t\t\t\t\t\t<div class=\"elementor-container elementor-column-gap-default\">\n\t\t\t\t\t<div class=\"elementor-column elementor-col-100 elementor-top-column elementor-element elementor-element-52eaff8\" data-id=\"52eaff8\" data-element_type=\"column\">\n\t\t\t<div class=\"elementor-widget-wrap elementor-element-populated\">\n\t\t\t\t\t\t<div class=\"elementor-element elementor-element-b15042b elementor-widget elementor-widget-text-editor\" data-id=\"b15042b\" data-element_type=\"widget\" data-widget_type=\"text-editor.default\">\n\t\t\t\t<div class=\"elementor-widget-container\">\n\t\t\t\t\t\t\t\t\t<p><b>(Cuando recibas t\u00fa<\/b><b>&nbsp;compra, es muy importante para nosotros nos lo hagas saber, as\u00ed estaremos 100% tranquilas de que el producto est\u00e1 en tus manos)<\/b><\/p>\t\t\t\t\t\t\t\t<\/div>\n\t\t\t\t<\/div>\n\t\t\t\t\t<\/div>\n\t\t<\/div>\n\t\t\t\t\t<\/div>\n\t\t<\/section>\n\t\t\t\t<section class=\"elementor-section elementor-top-section elementor-element elementor-element-db19325 elementor-section-boxed elementor-section-height-default elementor-section-height-default\" data-id=\"db19325\" data-element_type=\"section\">\n\t\t\t\t\t\t<div class=\"elementor-container elementor-column-gap-default\">\n\t\t\t\t\t<div class=\"elementor-column elementor-col-100 elementor-top-column elementor-element elementor-element-2649922\" data-id=\"2649922\" data-element_type=\"column\">\n\t\t\t<div class=\"elementor-widget-wrap\">\n\t\t\t\t\t\t\t<\/div>\n\t\t<\/div>\n\t\t\t\t\t<\/div>\n\t\t<\/section>\n\t\t\t\t<\/div>\n\t\t","protected":false},"excerpt":{"rendered":"<p>Env\u00edos Env\u00edos Locales (Popay\u00e1n) Todos los productos se env\u00edan a domicilio por la empresa transportadora DOMIEXPRESS, de lunes a s\u00e1bado, su precio [&hellip;]<\/p>\n","protected":false},"author":1,"featured_media":0,"parent":0,"menu_order":0,"comment_status":"closed","ping_status":"closed","template":"elementor_header_footer","meta":{"footnotes":""},"jetpack_sharing_enabled":true,"_links":{"self":[{"href":"https:\/\/juaccesoriosymoda.com\/index.php\/wp-json\/wp\/v2\/pages\/1201"}],"collection":[{"href":"https:\/\/juaccesoriosymoda.com\/index.php\/wp-json\/wp\/v2\/pages"}],"about":[{"href":"https:\/\/juaccesoriosymoda.com\/index.php\/wp-json\/wp\/v2\/types\/page"}],"author":[{"embeddable":true,"href":"https:\/\/juaccesoriosymoda.com\/index.php\/wp-json\/wp\/v2\/users\/1"}],"replies":[{"embeddable":true,"href":"https:\/\/juaccesoriosymoda.com\/index.php\/wp-json\/wp\/v2\/comments?post=1201"}],"version-history":[{"count":91,"href":"https:\/\/juaccesoriosymoda.com\/index.php\/wp-json\/wp\/v2\/pages\/1201\/revisions"}],"predecessor-version":[{"id":7510,"href":"https:\/\/juaccesoriosymoda.com\/index.php\/wp-json\/wp\/v2\/pages\/1201\/revisions\/7510"}],"wp:attachment":[{"href":"https:\/\/juaccesoriosymoda.com\/index.php\/wp-json\/wp\/v2\/media?parent=1201"}],"curies":[{"name":"wp","href":"https:\/\/api.w.org\/{rel}","templated":true}]}}