{"id":583,"date":"2022-02-02T21:37:43","date_gmt":"2022-02-02T21:37:43","guid":{"rendered":"https:\/\/juaccesoriosymoda.com\/?page_id=583"},"modified":"2025-12-08T05:07:16","modified_gmt":"2025-12-08T05:07:16","slug":"guia-de-tallas","status":"publish","type":"page","link":"https:\/\/juaccesoriosymoda.com\/index.php\/guia-de-tallas\/","title":{"rendered":"Gu\u00eda de tallas"},"content":{"rendered":"\t\t<div data-elementor-type=\"wp-page\" data-elementor-id=\"583\" class=\"elementor elementor-583\">\n\t\t\t\t\t\t<section class=\"elementor-section elementor-top-section elementor-element elementor-element-434c86c elementor-section-boxed elementor-section-height-default elementor-section-height-default\" data-id=\"434c86c\" data-element_type=\"section\">\n\t\t\t\t\t\t<div class=\"elementor-container elementor-column-gap-default\">\n\t\t\t\t\t<div class=\"elementor-column elementor-col-100 elementor-top-column elementor-element elementor-element-4554423\" data-id=\"4554423\" data-element_type=\"column\">\n\t\t\t<div class=\"elementor-widget-wrap elementor-element-populated\">\n\t\t\t\t\t\t<div class=\"elementor-element elementor-element-14e89e2 elementor-widget elementor-widget-text-editor\" data-id=\"14e89e2\" data-element_type=\"widget\" data-widget_type=\"text-editor.default\">\n\t\t\t\t<div class=\"elementor-widget-container\">\n\t\t\t\t\t\t\t\t\t<p>Gu\u00eda de Tallas<\/p>\t\t\t\t\t\t\t\t<\/div>\n\t\t\t\t<\/div>\n\t\t\t\t<div class=\"elementor-element elementor-element-305a8ec elementor-widget-divider--view-line elementor-widget elementor-widget-divider\" data-id=\"305a8ec\" data-element_type=\"widget\" data-widget_type=\"divider.default\">\n\t\t\t\t<div class=\"elementor-widget-container\">\n\t\t\t\t\t\t\t<div class=\"elementor-divider\">\n\t\t\t<span class=\"elementor-divider-separator\">\n\t\t\t\t\t\t<\/span>\n\t\t<\/div>\n\t\t\t\t\t\t<\/div>\n\t\t\t\t<\/div>\n\t\t\t\t\t<\/div>\n\t\t<\/div>\n\t\t\t\t\t<\/div>\n\t\t<\/section>\n\t\t\t\t<section class=\"elementor-section elementor-top-section elementor-element elementor-element-c52624e elementor-section-boxed elementor-section-height-default elementor-section-height-default\" data-id=\"c52624e\" data-element_type=\"section\">\n\t\t\t\t\t\t<div class=\"elementor-container elementor-column-gap-default\">\n\t\t\t\t\t<div class=\"elementor-column elementor-col-100 elementor-top-column elementor-element elementor-element-9ebca18\" data-id=\"9ebca18\" data-element_type=\"column\">\n\t\t\t<div class=\"elementor-widget-wrap elementor-element-populated\">\n\t\t\t\t\t\t<div class=\"elementor-element elementor-element-92b7d32 elementor-widget elementor-widget-text-editor\" data-id=\"92b7d32\" data-element_type=\"widget\" data-widget_type=\"text-editor.default\">\n\t\t\t\t<div class=\"elementor-widget-container\">\n\t\t\t\t\t\t\t\t\t<p>\u00a1TIPS PARA IDENTIFICAR LA MEDIDA DE TUS JOYAS FAVORITAS!<\/p>\t\t\t\t\t\t\t\t<\/div>\n\t\t\t\t<\/div>\n\t\t\t\t<div class=\"elementor-element elementor-element-f3dcab1 elementor-widget-divider--view-line elementor-widget elementor-widget-divider\" data-id=\"f3dcab1\" data-element_type=\"widget\" data-widget_type=\"divider.default\">\n\t\t\t\t<div class=\"elementor-widget-container\">\n\t\t\t\t\t\t\t<div class=\"elementor-divider\">\n\t\t\t<span class=\"elementor-divider-separator\">\n\t\t\t\t\t\t<\/span>\n\t\t<\/div>\n\t\t\t\t\t\t<\/div>\n\t\t\t\t<\/div>\n\t\t\t\t\t<\/div>\n\t\t<\/div>\n\t\t\t\t\t<\/div>\n\t\t<\/section>\n\t\t\t\t<section class=\"elementor-section elementor-top-section elementor-element elementor-element-8bbfc0e elementor-section-boxed elementor-section-height-default elementor-section-height-default\" data-id=\"8bbfc0e\" data-element_type=\"section\">\n\t\t\t\t\t\t<div class=\"elementor-container elementor-column-gap-default\">\n\t\t\t\t\t<div class=\"elementor-column elementor-col-100 elementor-top-column elementor-element elementor-element-9e07456\" data-id=\"9e07456\" data-element_type=\"column\">\n\t\t\t<div class=\"elementor-widget-wrap elementor-element-populated\">\n\t\t\t\t\t\t<div class=\"elementor-element elementor-element-bec54c4 elementor-widget elementor-widget-text-editor\" data-id=\"bec54c4\" data-element_type=\"widget\" data-widget_type=\"text-editor.default\">\n\t\t\t\t<div class=\"elementor-widget-container\">\n\t\t\t\t\t\t\t\t\t<p>\u00bfC\u00f3mo identificar mi talla de collares?<\/p>\t\t\t\t\t\t\t\t<\/div>\n\t\t\t\t<\/div>\n\t\t\t\t\t<\/div>\n\t\t<\/div>\n\t\t\t\t\t<\/div>\n\t\t<\/section>\n\t\t\t\t<section class=\"elementor-section elementor-top-section elementor-element elementor-element-4e88535 elementor-section-boxed elementor-section-height-default elementor-section-height-default\" data-id=\"4e88535\" data-element_type=\"section\">\n\t\t\t\t\t\t<div class=\"elementor-container elementor-column-gap-default\">\n\t\t\t\t\t<div class=\"elementor-column elementor-col-50 elementor-top-column elementor-element elementor-element-93e4822\" data-id=\"93e4822\" data-element_type=\"column\">\n\t\t\t<div class=\"elementor-widget-wrap elementor-element-populated\">\n\t\t\t\t\t\t<div class=\"elementor-element elementor-element-27a3bfe elementor-widget elementor-widget-text-editor\" data-id=\"27a3bfe\" data-element_type=\"widget\" data-widget_type=\"text-editor.default\">\n\t\t\t\t<div class=\"elementor-widget-container\">\n\t\t\t\t\t\t\t\t\t<p><strong>CHOCKERS:<\/strong> 35 &#8211; 37 cm largo + 6 cms extensi\u00f3n<\/p><p><strong>GARGANTILLAS:<\/strong> 40 cms largo + 6 cms extensi\u00f3n<\/p><p><strong>COLLARES:<\/strong> 45 cms largo + 6 cms extensi\u00f3n<\/p><p><strong>COLLARES LARGOS:<\/strong> 50 cms en adelante<\/p>\t\t\t\t\t\t\t\t<\/div>\n\t\t\t\t<\/div>\n\t\t\t\t<div class=\"elementor-element elementor-element-a4f00eb elementor-widget elementor-widget-text-editor\" data-id=\"a4f00eb\" data-element_type=\"widget\" data-widget_type=\"text-editor.default\">\n\t\t\t\t<div class=\"elementor-widget-container\">\n\t\t\t\t\t\t\t\t\t<ol><li>Mida el largo que desee para el collar<\/li><li>Tome la medida en cent\u00edmetros desde los broches<\/li><li>Compare la medida con la siguiente tabla <\/li><\/ol>\t\t\t\t\t\t\t\t<\/div>\n\t\t\t\t<\/div>\n\t\t\t\t<div class=\"elementor-element elementor-element-4e81ac9 elementor-widget elementor-widget-text-editor\" data-id=\"4e81ac9\" data-element_type=\"widget\" data-widget_type=\"text-editor.default\">\n\t\t\t\t<div class=\"elementor-widget-container\">\n\t\t\t\t\t\t\t\t\t<p>Seg\u00fan esta tabla inf\u00f3rmenos su medida al solicitar un dise\u00f1o personalizado.<u><\/u>\u00a0<\/p>\t\t\t\t\t\t\t\t<\/div>\n\t\t\t\t<\/div>\n\t\t\t\t\t<\/div>\n\t\t<\/div>\n\t\t\t\t<div class=\"elementor-column elementor-col-50 elementor-top-column elementor-element elementor-element-f0fcae5\" data-id=\"f0fcae5\" data-element_type=\"column\">\n\t\t\t<div class=\"elementor-widget-wrap elementor-element-populated\">\n\t\t\t\t\t\t<div class=\"elementor-element elementor-element-394c251 elementor-widget elementor-widget-image\" data-id=\"394c251\" data-element_type=\"widget\" data-widget_type=\"image.default\">\n\t\t\t\t<div class=\"elementor-widget-container\">\n\t\t\t\t\t\t\t\t\t\t\t\t\t\t\t<img fetchpriority=\"high\" decoding=\"async\" width=\"244\" height=\"300\" src=\"https:\/\/juaccesoriosymoda.com\/wp-content\/uploads\/2022\/03\/Otavio-Giora-Loja-Virtual-244x300.webp\" class=\"attachment-medium size-medium wp-image-1394\" alt=\"\" srcset=\"https:\/\/juaccesoriosymoda.com\/wp-content\/uploads\/2022\/03\/Otavio-Giora-Loja-Virtual-244x300.webp 244w, https:\/\/juaccesoriosymoda.com\/wp-content\/uploads\/2022\/03\/Otavio-Giora-Loja-Virtual-350x431.webp 350w, https:\/\/juaccesoriosymoda.com\/wp-content\/uploads\/2022\/03\/Otavio-Giora-Loja-Virtual-230x283.webp 230w, https:\/\/juaccesoriosymoda.com\/wp-content\/uploads\/2022\/03\/Otavio-Giora-Loja-Virtual-480x590.webp 480w, https:\/\/juaccesoriosymoda.com\/wp-content\/uploads\/2022\/03\/Otavio-Giora-Loja-Virtual.webp 500w\" sizes=\"(max-width: 244px) 100vw, 244px\" \/>\t\t\t\t\t\t\t\t\t\t\t\t\t\t\t<\/div>\n\t\t\t\t<\/div>\n\t\t\t\t\t<\/div>\n\t\t<\/div>\n\t\t\t\t\t<\/div>\n\t\t<\/section>\n\t\t\t\t<section class=\"elementor-section elementor-top-section elementor-element elementor-element-460b26e elementor-section-boxed elementor-section-height-default elementor-section-height-default\" data-id=\"460b26e\" data-element_type=\"section\">\n\t\t\t\t\t\t<div class=\"elementor-container elementor-column-gap-default\">\n\t\t\t\t\t<div class=\"elementor-column elementor-col-100 elementor-top-column elementor-element elementor-element-0c0fe79\" data-id=\"0c0fe79\" data-element_type=\"column\">\n\t\t\t<div class=\"elementor-widget-wrap elementor-element-populated\">\n\t\t\t\t\t\t<div class=\"elementor-element elementor-element-fc7d836 elementor-widget elementor-widget-text-editor\" data-id=\"fc7d836\" data-element_type=\"widget\" data-widget_type=\"text-editor.default\">\n\t\t\t\t<div class=\"elementor-widget-container\">\n\t\t\t\t\t\t\t\t\t<p>\u00bfC\u00f3mo identificar mi talla de pulseras?<\/p>\t\t\t\t\t\t\t\t<\/div>\n\t\t\t\t<\/div>\n\t\t\t\t\t<\/div>\n\t\t<\/div>\n\t\t\t\t\t<\/div>\n\t\t<\/section>\n\t\t\t\t<section class=\"elementor-section elementor-top-section elementor-element elementor-element-8ee6c82 elementor-section-boxed elementor-section-height-default elementor-section-height-default\" data-id=\"8ee6c82\" data-element_type=\"section\">\n\t\t\t\t\t\t<div class=\"elementor-container elementor-column-gap-default\">\n\t\t\t\t\t<div class=\"elementor-column elementor-col-100 elementor-top-column elementor-element elementor-element-94e8009\" data-id=\"94e8009\" data-element_type=\"column\">\n\t\t\t<div class=\"elementor-widget-wrap elementor-element-populated\">\n\t\t\t\t\t\t<div class=\"elementor-element elementor-element-0bf673f elementor-widget elementor-widget-text-editor\" data-id=\"0bf673f\" data-element_type=\"widget\" data-widget_type=\"text-editor.default\">\n\t\t\t\t<div class=\"elementor-widget-container\">\n\t\t\t\t\t\t\t\t\t<p><strong>XS:<\/strong> 17 cm\u00a0 \u00a0 <strong>S:<\/strong> 19 cms\u00a0 \u00a0 <strong>M:<\/strong> 21 cm\u00a0 \u00a0 <strong>L:<\/strong> 23 cms\u00a0 \u00a0 <strong>XL:<\/strong> 25 cms<\/p>\t\t\t\t\t\t\t\t<\/div>\n\t\t\t\t<\/div>\n\t\t\t\t<div class=\"elementor-element elementor-element-c30248b elementor-widget elementor-widget-text-editor\" data-id=\"c30248b\" data-element_type=\"widget\" data-widget_type=\"text-editor.default\">\n\t\t\t\t<div class=\"elementor-widget-container\">\n\t\t\t\t\t\t\t\t\t<ol><li><span lang=\"ES\">Tome una cuerda y rodea tu mu\u00f1eca de forma ajustada (No apretada), marque con un lapiz donde se juntan los extremos.<u><\/u>\u00a0<u><\/u><\/span><\/li><li><span lang=\"ES\">Extienda la cuerda sobre una regla o metro desde la punta hasta donde puso la marca.<u><\/u>\u00a0<u><\/u><\/span><\/li><li><span lang=\"ES\">Agrega 1,5 cms extra para obtener la medida final.<u><\/u>\u00a0<u><\/u><\/span><\/li><\/ol>\t\t\t\t\t\t\t\t<\/div>\n\t\t\t\t<\/div>\n\t\t\t\t<div class=\"elementor-element elementor-element-ba8a10e elementor-widget elementor-widget-text-editor\" data-id=\"ba8a10e\" data-element_type=\"widget\" data-widget_type=\"text-editor.default\">\n\t\t\t\t<div class=\"elementor-widget-container\">\n\t\t\t\t\t\t\t\t\t<p>Seg\u00fan esta tabla inf\u00f3rmenos su medida al solicitar un dise\u00f1o personalizado.<\/p>\t\t\t\t\t\t\t\t<\/div>\n\t\t\t\t<\/div>\n\t\t\t\t\t<\/div>\n\t\t<\/div>\n\t\t\t\t\t<\/div>\n\t\t<\/section>\n\t\t\t\t<section class=\"elementor-section elementor-top-section elementor-element elementor-element-2e71aa0 elementor-section-boxed elementor-section-height-default elementor-section-height-default\" data-id=\"2e71aa0\" data-element_type=\"section\">\n\t\t\t\t\t\t<div class=\"elementor-container elementor-column-gap-default\">\n\t\t\t\t\t<div class=\"elementor-column elementor-col-33 elementor-top-column elementor-element elementor-element-e0f03d0\" data-id=\"e0f03d0\" data-element_type=\"column\">\n\t\t\t<div class=\"elementor-widget-wrap elementor-element-populated\">\n\t\t\t\t\t\t<div class=\"elementor-element elementor-element-57d2719 elementor-widget elementor-widget-image\" data-id=\"57d2719\" data-element_type=\"widget\" data-widget_type=\"image.default\">\n\t\t\t\t<div class=\"elementor-widget-container\">\n\t\t\t\t\t\t\t\t\t\t\t\t\t\t\t<img decoding=\"async\" width=\"240\" height=\"240\" src=\"https:\/\/juaccesoriosymoda.com\/wp-content\/uploads\/2022\/03\/MUNECA1.webp\" class=\"attachment-medium size-medium wp-image-1397\" alt=\"\" srcset=\"https:\/\/juaccesoriosymoda.com\/wp-content\/uploads\/2022\/03\/MUNECA1.webp 240w, https:\/\/juaccesoriosymoda.com\/wp-content\/uploads\/2022\/03\/MUNECA1-100x100.webp 100w, https:\/\/juaccesoriosymoda.com\/wp-content\/uploads\/2022\/03\/MUNECA1-150x150.webp 150w, https:\/\/juaccesoriosymoda.com\/wp-content\/uploads\/2022\/03\/MUNECA1-230x230.webp 230w\" sizes=\"(max-width: 240px) 100vw, 240px\" \/>\t\t\t\t\t\t\t\t\t\t\t\t\t\t\t<\/div>\n\t\t\t\t<\/div>\n\t\t\t\t\t<\/div>\n\t\t<\/div>\n\t\t\t\t<div class=\"elementor-column elementor-col-33 elementor-top-column elementor-element elementor-element-6babc74\" data-id=\"6babc74\" data-element_type=\"column\">\n\t\t\t<div class=\"elementor-widget-wrap elementor-element-populated\">\n\t\t\t\t\t\t<div class=\"elementor-element elementor-element-f82e131 elementor-widget elementor-widget-image\" data-id=\"f82e131\" data-element_type=\"widget\" data-widget_type=\"image.default\">\n\t\t\t\t<div class=\"elementor-widget-container\">\n\t\t\t\t\t\t\t\t\t\t\t\t\t\t\t<img decoding=\"async\" width=\"240\" height=\"240\" src=\"https:\/\/juaccesoriosymoda.com\/wp-content\/uploads\/2022\/03\/MUNECA-2.webp\" class=\"attachment-medium size-medium wp-image-1395\" alt=\"\" srcset=\"https:\/\/juaccesoriosymoda.com\/wp-content\/uploads\/2022\/03\/MUNECA-2.webp 240w, https:\/\/juaccesoriosymoda.com\/wp-content\/uploads\/2022\/03\/MUNECA-2-100x100.webp 100w, https:\/\/juaccesoriosymoda.com\/wp-content\/uploads\/2022\/03\/MUNECA-2-150x150.webp 150w, https:\/\/juaccesoriosymoda.com\/wp-content\/uploads\/2022\/03\/MUNECA-2-230x230.webp 230w\" sizes=\"(max-width: 240px) 100vw, 240px\" \/>\t\t\t\t\t\t\t\t\t\t\t\t\t\t\t<\/div>\n\t\t\t\t<\/div>\n\t\t\t\t\t<\/div>\n\t\t<\/div>\n\t\t\t\t<div class=\"elementor-column elementor-col-33 elementor-top-column elementor-element elementor-element-00a5071\" data-id=\"00a5071\" data-element_type=\"column\">\n\t\t\t<div class=\"elementor-widget-wrap elementor-element-populated\">\n\t\t\t\t\t\t<div class=\"elementor-element elementor-element-0493752 elementor-widget elementor-widget-image\" data-id=\"0493752\" data-element_type=\"widget\" data-widget_type=\"image.default\">\n\t\t\t\t<div class=\"elementor-widget-container\">\n\t\t\t\t\t\t\t\t\t\t\t\t\t\t\t<img loading=\"lazy\" decoding=\"async\" width=\"240\" height=\"240\" src=\"https:\/\/juaccesoriosymoda.com\/wp-content\/uploads\/2022\/03\/MUNECA-3.webp\" class=\"attachment-large size-large wp-image-1396\" alt=\"\" srcset=\"https:\/\/juaccesoriosymoda.com\/wp-content\/uploads\/2022\/03\/MUNECA-3.webp 240w, https:\/\/juaccesoriosymoda.com\/wp-content\/uploads\/2022\/03\/MUNECA-3-100x100.webp 100w, https:\/\/juaccesoriosymoda.com\/wp-content\/uploads\/2022\/03\/MUNECA-3-150x150.webp 150w, https:\/\/juaccesoriosymoda.com\/wp-content\/uploads\/2022\/03\/MUNECA-3-230x230.webp 230w\" sizes=\"(max-width: 240px) 100vw, 240px\" \/>\t\t\t\t\t\t\t\t\t\t\t\t\t\t\t<\/div>\n\t\t\t\t<\/div>\n\t\t\t\t\t<\/div>\n\t\t<\/div>\n\t\t\t\t\t<\/div>\n\t\t<\/section>\n\t\t\t\t<section class=\"elementor-section elementor-top-section elementor-element elementor-element-d27b3aa elementor-section-boxed elementor-section-height-default elementor-section-height-default\" data-id=\"d27b3aa\" data-element_type=\"section\">\n\t\t\t\t\t\t<div class=\"elementor-container elementor-column-gap-default\">\n\t\t\t\t\t<div class=\"elementor-column elementor-col-100 elementor-top-column elementor-element elementor-element-389aebf\" data-id=\"389aebf\" data-element_type=\"column\">\n\t\t\t<div class=\"elementor-widget-wrap elementor-element-populated\">\n\t\t\t\t\t\t<div class=\"elementor-element elementor-element-e4ed691 elementor-widget elementor-widget-text-editor\" data-id=\"e4ed691\" data-element_type=\"widget\" data-widget_type=\"text-editor.default\">\n\t\t\t\t<div class=\"elementor-widget-container\">\n\t\t\t\t\t\t\t\t\t<p>\u00bfC\u00f3mo identificar mi talla de anillos?<\/p>\t\t\t\t\t\t\t\t<\/div>\n\t\t\t\t<\/div>\n\t\t\t\t\t<\/div>\n\t\t<\/div>\n\t\t\t\t\t<\/div>\n\t\t<\/section>\n\t\t\t\t<section class=\"elementor-section elementor-top-section elementor-element elementor-element-8474194 elementor-section-boxed elementor-section-height-default elementor-section-height-default\" data-id=\"8474194\" data-element_type=\"section\">\n\t\t\t\t\t\t<div class=\"elementor-container elementor-column-gap-default\">\n\t\t\t\t\t<div class=\"elementor-column elementor-col-50 elementor-top-column elementor-element elementor-element-9a8859c\" data-id=\"9a8859c\" data-element_type=\"column\">\n\t\t\t<div class=\"elementor-widget-wrap elementor-element-populated\">\n\t\t\t\t\t\t<div class=\"elementor-element elementor-element-e46436c elementor-widget elementor-widget-image\" data-id=\"e46436c\" data-element_type=\"widget\" data-widget_type=\"image.default\">\n\t\t\t\t<div class=\"elementor-widget-container\">\n\t\t\t\t\t\t\t\t\t\t\t\t\t\t\t<img decoding=\"async\" src=\"https:\/\/juaccesoriosymoda.com\/wp-content\/uploads\/elementor\/thumbs\/Anillo-1-1-plxcxpw4pta6wodgsvaskpp5aw0mni9cpg800eqyo0.webp\" title=\"Anillo 1 (1)\" alt=\"Anillo 1 (1)\" loading=\"lazy\" \/>\t\t\t\t\t\t\t\t\t\t\t\t\t\t\t<\/div>\n\t\t\t\t<\/div>\n\t\t\t\t\t<\/div>\n\t\t<\/div>\n\t\t\t\t<div class=\"elementor-column elementor-col-50 elementor-top-column elementor-element elementor-element-a995525\" data-id=\"a995525\" data-element_type=\"column\">\n\t\t\t<div class=\"elementor-widget-wrap elementor-element-populated\">\n\t\t\t\t\t\t<div class=\"elementor-element elementor-element-91ac068 elementor-widget elementor-widget-text-editor\" data-id=\"91ac068\" data-element_type=\"widget\" data-widget_type=\"text-editor.default\">\n\t\t\t\t<div class=\"elementor-widget-container\">\n\t\t\t\t\t\t\t\t\t<ol><li>Aseg\u00farate de que la medida que vas a tomar se realice en el dedo en el que se usar\u00e1 el anillo nuevo.<\/li><li>Toma una tira de papel y enr\u00f3llala alrededor del dedo que deseas medir, este debe quedar ajustado, que no quede flojo ni apretado.<\/li><li>Marca con un l\u00e1piz una l\u00ednea recta en el lugar y punto exacto donde se juntan y encuentran los extremos de la tira de papel.<\/li><li>Despu\u00e9s, con una regla mida la distancia entre ambas l\u00edneas dibujadas en el papel. <br \/>Por \u00faltimo, observe en la tabla de tallas de anillos \u00a1Y listo!<\/li><\/ol>\t\t\t\t\t\t\t\t<\/div>\n\t\t\t\t<\/div>\n\t\t\t\t<div class=\"elementor-element elementor-element-1206d1f elementor-widget elementor-widget-text-editor\" data-id=\"1206d1f\" data-element_type=\"widget\" data-widget_type=\"text-editor.default\">\n\t\t\t\t<div class=\"elementor-widget-container\">\n\t\t\t\t\t\t\t\t\t<p>Seg\u00fan esta tabla inf\u00f3rmenos su medida al solicitar un dise\u00f1o personalizado.<u><\/u>\u00a0<\/p>\t\t\t\t\t\t\t\t<\/div>\n\t\t\t\t<\/div>\n\t\t\t\t\t<\/div>\n\t\t<\/div>\n\t\t\t\t\t<\/div>\n\t\t<\/section>\n\t\t\t\t<section class=\"elementor-section elementor-top-section elementor-element elementor-element-0ffb919 elementor-section-boxed elementor-section-height-default elementor-section-height-default\" data-id=\"0ffb919\" data-element_type=\"section\">\n\t\t\t\t\t\t<div class=\"elementor-container elementor-column-gap-default\">\n\t\t\t\t\t<div class=\"elementor-column elementor-col-25 elementor-top-column elementor-element elementor-element-1b945cc\" data-id=\"1b945cc\" data-element_type=\"column\">\n\t\t\t<div class=\"elementor-widget-wrap elementor-element-populated\">\n\t\t\t\t\t\t<div class=\"elementor-element elementor-element-fcf7c39 elementor-widget elementor-widget-image\" data-id=\"fcf7c39\" data-element_type=\"widget\" data-widget_type=\"image.default\">\n\t\t\t\t<div class=\"elementor-widget-container\">\n\t\t\t\t\t\t\t\t\t\t\t\t\t\t\t<img loading=\"lazy\" decoding=\"async\" width=\"150\" height=\"150\" src=\"https:\/\/juaccesoriosymoda.com\/wp-content\/uploads\/2022\/03\/Anillo-1-5-150x150.webp\" class=\"attachment-thumbnail size-thumbnail wp-image-1420\" alt=\"\" srcset=\"https:\/\/juaccesoriosymoda.com\/wp-content\/uploads\/2022\/03\/Anillo-1-5-150x150.webp 150w, https:\/\/juaccesoriosymoda.com\/wp-content\/uploads\/2022\/03\/Anillo-1-5-100x100.webp 100w, https:\/\/juaccesoriosymoda.com\/wp-content\/uploads\/2022\/03\/Anillo-1-5-300x300.webp 300w, https:\/\/juaccesoriosymoda.com\/wp-content\/uploads\/2022\/03\/Anillo-1-5-230x230.webp 230w, https:\/\/juaccesoriosymoda.com\/wp-content\/uploads\/2022\/03\/Anillo-1-5.webp 311w\" sizes=\"(max-width: 150px) 100vw, 150px\" \/>\t\t\t\t\t\t\t\t\t\t\t\t\t\t\t<\/div>\n\t\t\t\t<\/div>\n\t\t\t\t\t<\/div>\n\t\t<\/div>\n\t\t\t\t<div class=\"elementor-column elementor-col-25 elementor-top-column elementor-element elementor-element-edadf1f\" data-id=\"edadf1f\" data-element_type=\"column\">\n\t\t\t<div class=\"elementor-widget-wrap elementor-element-populated\">\n\t\t\t\t\t\t<div class=\"elementor-element elementor-element-333bf0b elementor-widget elementor-widget-image\" data-id=\"333bf0b\" data-element_type=\"widget\" data-widget_type=\"image.default\">\n\t\t\t\t<div class=\"elementor-widget-container\">\n\t\t\t\t\t\t\t\t\t\t\t\t\t\t\t<img loading=\"lazy\" decoding=\"async\" width=\"150\" height=\"150\" src=\"https:\/\/juaccesoriosymoda.com\/wp-content\/uploads\/2022\/03\/Anillo-1-4-150x150.webp\" class=\"attachment-thumbnail size-thumbnail wp-image-1419\" alt=\"\" srcset=\"https:\/\/juaccesoriosymoda.com\/wp-content\/uploads\/2022\/03\/Anillo-1-4-150x150.webp 150w, https:\/\/juaccesoriosymoda.com\/wp-content\/uploads\/2022\/03\/Anillo-1-4-100x100.webp 100w, https:\/\/juaccesoriosymoda.com\/wp-content\/uploads\/2022\/03\/Anillo-1-4-300x300.webp 300w, https:\/\/juaccesoriosymoda.com\/wp-content\/uploads\/2022\/03\/Anillo-1-4-230x230.webp 230w, https:\/\/juaccesoriosymoda.com\/wp-content\/uploads\/2022\/03\/Anillo-1-4.webp 340w\" sizes=\"(max-width: 150px) 100vw, 150px\" \/>\t\t\t\t\t\t\t\t\t\t\t\t\t\t\t<\/div>\n\t\t\t\t<\/div>\n\t\t\t\t\t<\/div>\n\t\t<\/div>\n\t\t\t\t<div class=\"elementor-column elementor-col-25 elementor-top-column elementor-element elementor-element-eda3b03\" data-id=\"eda3b03\" data-element_type=\"column\">\n\t\t\t<div class=\"elementor-widget-wrap elementor-element-populated\">\n\t\t\t\t\t\t<div class=\"elementor-element elementor-element-429a658 elementor-widget elementor-widget-image\" data-id=\"429a658\" data-element_type=\"widget\" data-widget_type=\"image.default\">\n\t\t\t\t<div class=\"elementor-widget-container\">\n\t\t\t\t\t\t\t\t\t\t\t\t\t\t\t<img loading=\"lazy\" decoding=\"async\" width=\"150\" height=\"150\" src=\"https:\/\/juaccesoriosymoda.com\/wp-content\/uploads\/2022\/03\/Anillo-1-3-150x150.webp\" class=\"attachment-thumbnail size-thumbnail wp-image-1418\" alt=\"\" srcset=\"https:\/\/juaccesoriosymoda.com\/wp-content\/uploads\/2022\/03\/Anillo-1-3-150x150.webp 150w, https:\/\/juaccesoriosymoda.com\/wp-content\/uploads\/2022\/03\/Anillo-1-3-100x100.webp 100w, https:\/\/juaccesoriosymoda.com\/wp-content\/uploads\/2022\/03\/Anillo-1-3-300x300.webp 300w, https:\/\/juaccesoriosymoda.com\/wp-content\/uploads\/2022\/03\/Anillo-1-3-230x230.webp 230w, https:\/\/juaccesoriosymoda.com\/wp-content\/uploads\/2022\/03\/Anillo-1-3.webp 326w\" sizes=\"(max-width: 150px) 100vw, 150px\" \/>\t\t\t\t\t\t\t\t\t\t\t\t\t\t\t<\/div>\n\t\t\t\t<\/div>\n\t\t\t\t\t<\/div>\n\t\t<\/div>\n\t\t\t\t<div class=\"elementor-column elementor-col-25 elementor-top-column elementor-element elementor-element-bece997\" data-id=\"bece997\" data-element_type=\"column\">\n\t\t\t<div class=\"elementor-widget-wrap elementor-element-populated\">\n\t\t\t\t\t\t<div class=\"elementor-element elementor-element-2e7fa43 elementor-widget elementor-widget-image\" data-id=\"2e7fa43\" data-element_type=\"widget\" data-widget_type=\"image.default\">\n\t\t\t\t<div class=\"elementor-widget-container\">\n\t\t\t\t\t\t\t\t\t\t\t\t\t\t\t<img loading=\"lazy\" decoding=\"async\" width=\"300\" height=\"129\" src=\"https:\/\/juaccesoriosymoda.com\/wp-content\/uploads\/2022\/03\/Anillo-1-2-300x129.webp\" class=\"attachment-medium size-medium wp-image-1417\" alt=\"\" srcset=\"https:\/\/juaccesoriosymoda.com\/wp-content\/uploads\/2022\/03\/Anillo-1-2-300x129.webp 300w, https:\/\/juaccesoriosymoda.com\/wp-content\/uploads\/2022\/03\/Anillo-1-2-350x151.webp 350w, https:\/\/juaccesoriosymoda.com\/wp-content\/uploads\/2022\/03\/Anillo-1-2-230x99.webp 230w, https:\/\/juaccesoriosymoda.com\/wp-content\/uploads\/2022\/03\/Anillo-1-2-480x207.webp 480w, https:\/\/juaccesoriosymoda.com\/wp-content\/uploads\/2022\/03\/Anillo-1-2.webp 532w\" sizes=\"(max-width: 300px) 100vw, 300px\" \/>\t\t\t\t\t\t\t\t\t\t\t\t\t\t\t<\/div>\n\t\t\t\t<\/div>\n\t\t\t\t\t<\/div>\n\t\t<\/div>\n\t\t\t\t\t<\/div>\n\t\t<\/section>\n\t\t\t\t<\/div>\n\t\t","protected":false},"excerpt":{"rendered":"<p>Gu\u00eda de Tallas \u00a1TIPS PARA IDENTIFICAR LA MEDIDA DE TUS JOYAS FAVORITAS! \u00bfC\u00f3mo identificar mi talla de collares? CHOCKERS: 35 &#8211; 37 [&hellip;]<\/p>\n","protected":false},"author":1,"featured_media":0,"parent":0,"menu_order":0,"comment_status":"closed","ping_status":"closed","template":"elementor_header_footer","meta":{"footnotes":""},"jetpack_sharing_enabled":true,"_links":{"self":[{"href":"https:\/\/juaccesoriosymoda.com\/index.php\/wp-json\/wp\/v2\/pages\/583"}],"collection":[{"href":"https:\/\/juaccesoriosymoda.com\/index.php\/wp-json\/wp\/v2\/pages"}],"about":[{"href":"https:\/\/juaccesoriosymoda.com\/index.php\/wp-json\/wp\/v2\/types\/page"}],"author":[{"embeddable":true,"href":"https:\/\/juaccesoriosymoda.com\/index.php\/wp-json\/wp\/v2\/users\/1"}],"replies":[{"embeddable":true,"href":"https:\/\/juaccesoriosymoda.com\/index.php\/wp-json\/wp\/v2\/comments?post=583"}],"version-history":[{"count":52,"href":"https:\/\/juaccesoriosymoda.com\/index.php\/wp-json\/wp\/v2\/pages\/583\/revisions"}],"predecessor-version":[{"id":7259,"href":"https:\/\/juaccesoriosymoda.com\/index.php\/wp-json\/wp\/v2\/pages\/583\/revisions\/7259"}],"wp:attachment":[{"href":"https:\/\/juaccesoriosymoda.com\/index.php\/wp-json\/wp\/v2\/media?parent=583"}],"curies":[{"name":"wp","href":"https:\/\/api.w.org\/{rel}","templated":true}]}}